- 47 = -n*f. Suppose 2*v - 3 = f. What is the tens digit of v?
1
Let u(a) = -14*a**2 + 43*a + 25 - 21*a**2 + 38*a**2. What is the units digit of u(-18)?
3
Let z = 118 - 114. Suppose z*x + 3 = -5, 4*u - 3*x = 242. What is the tens digit of u?
5
Suppose -3*m = -37*m + 18054. What is the tens digit of m?
3
Let z = -70 + 341. What is the units digit of z?
1
Let y(b) = -1069*b + 131. What is the hundreds digit of y(-1)?
2
Let a(w) = -w**3 + 8*w**2 - 3*w + 5. Let g = -13 - -21. Let o be a(g). Let v = 27 + o. What is the units digit of v?
8
Let t = 55 - -5578. What is the tens digit of t?
3
Let r be 3 + (-3 + 1)/(-2). Suppose r = -s + 39. What is the units digit of s?
5
Let l(z) be the third derivative of -z**6/120 - 2*z**5/15 + 2*z**4/3 + 25*z**3/6 - 14*z**2. What is the units digit of l(-10)?
5
Let f be (-18)/45 - (-2)/5. Suppose -4*j - q - 3 = f, j - 4*j = -2*q - 6. Let g = j + 10. What is the tens digit of g?
1
Let w be 83/(-3 - (-12)/3). Let f = 143 - w. Suppose 3*v - f = 6. What is the units digit of v?
2
Suppose -7*b = -6*b - 13. Suppose -5*o + 4*z + 31 = 0, 3*o + 4*z = 5*z + b. Suppose 0 = -o*u - 0*u + w + 28, -4*u = -2*w - 34. What is the tens digit of u?
1
Let p = 1549 + 13. What is the thousands digit of p?
1
Let v = 7 - 15. Let f = v - -2. What is the tens digit of f/33 - 1636/(-44)?
3
Suppose 3*u + 16 = -u, -4*h = u - 420. What is the hundreds digit of (-1 - 3) + h + 2?
1
Suppose -3*i + 2566 = 5*z, 4*z + 110 = -i + 977. What is the units digit of i?
7
Let h(r) = 2*r**2 - 5*r + 8. Let i be h(6). Let c = 18 + i. Let f = c + -43. What is the tens digit of f?
2
Let k(p) = -p - 15. Let q be k(-11). What is the tens digit of 12/18*(-2)/q*123?
4
Suppose 2*d + 14 = -5*t, -5*t - 1 - 3 = -3*d. Let z be -2 + 3 + (t - -5). Suppose -4*v = z*a - 160, v - 6*a = -3*a + 32. What is the units digit of v?
8
Suppose 7 = 2*r - n, 3*r - 2*n + 6 = 16. What is the units digit of 96 + (3 - 6) + r?
7
Suppose -5*j - 1 = 19, 4*i = -5*j. Suppose 12 = -i*o - 2*m, -4*o - m = -2*m + 7. What is the tens digit of 3 - (o + -1)*5?
1
Let v = 5 - 2. Let s = v - 0. What is the units digit of s?
3
Suppose 3*z + 2*a = a + 8, 5*a - 6 = 2*z. Suppose -z*c - 295 = 3*c. Let r = -40 - c. What is the units digit of r?
9
Let q be (-6)/(-3)*(-9)/(-2). Suppose q*l - 4*l - 205 = 0. Let t = l - 29. What is the tens digit of t?
1
Suppose -300 = -4*m + 2*y, -3*m + 4*m - 5*y = 84. What is the units digit of m?
4
Let d be -3 + (3 - (3 - 4)). Suppose 0 = -g + 5*g + 156. Let r = d - g. What is the tens digit of r?
4
Let z(m) be the third derivative of m**5/20 - 13*m**4/24 - m**3 - 42*m**2. What is the units digit of z(10)?
4
Suppose -3*z + 2388 = z + 3*l, 3*z + l = 1786. Suppose 5*c + 2*t - 67 - 519 = 0, -2*t - z = -5*c. What is the hundreds digit of c?
1
Let b = -931 + 1689. What is the units digit of b?
8
Suppose -34*u + 6*u = -16856. What is the hundreds digit of u?
6
Suppose -5*r = -m + 21, -1 = 4*m - 6*r + 3*r. Suppose d - 163 = 43. What is the units digit of d/14 - m/14?
5
Let j = -3 - -5. Suppose j*g = -4*g + 138. What is the units digit of g?
3
Let d be 4 - (-3 - 2/(-2)). Suppose -d*g + 4*g - 368 = -3*r, 736 = -4*g - 5*r. Let k = -123 - g. What is the units digit of k?
1
Let t(y) = y + 1. Let s be t(5). Let d be (-4)/(2*(-1)/s). Let w = d + -10. What is the units digit of w?
2
Suppose 8 - 1 = r. Let b = 12 - 5. Suppose u - r = b. What is the units digit of u?
4
Suppose 0 = -3*o + 22 - 73. Let t = -5 - 1. Let n = t - o. What is the tens digit of n?
1
Suppose -2*m + 2 - 8 = 0, z - 4*m - 259 = 0. What is the tens digit of z?
4
Suppose -26*r - 4888 = -3*b - 27*r, -r - 3252 = -2*b. What is the units digit of b?
8
Suppose 349 + 17 = -6*t. Let d = t + 112. What is the tens digit of d?
5
What is the units digit of 6 + -4252*(4 + 36/(-8))?
2
Let q(i) = 32*i**2 + 16*i + 50. What is the hundreds digit of q(-4)?
4
Let j(g) = 78*g**2 - 18 - 42*g**2 - 37*g**2 - 23*g. What is the units digit of j(-19)?
8
Let h(i) = -8 + 12*i**2 - i**3 + i + 2*i**3 - 15*i. Let c be h(-13). Suppose -t + x - 1 = -16, 0 = c*t + 3*x - 91. What is the units digit of t?
7
Suppose -2*h - 4*m + 1420 = 0, -22*h + 26*h - m = 2822. What is the tens digit of h?
0
Suppose 67*u - 152805 + 32138 = 0. What is the hundreds digit of u?
8
Suppose 2*c - 7252 = -5*s, 3330 + 11174 = 4*c - 4*s. What is the tens digit of c?
2
Let s = -13 + 14. Let a = 9 - s. Let k = 37 - a. What is the units digit of k?
9
Let d(i) = 7*i + 63. What is the tens digit of d(11)?
4
Let z(u) = 58*u**2 + 83*u - 313. What is the units digit of z(4)?
7
Let d(m) = m**2 + 3*m - 5. Let x be d(-4). Let b(p) = 7*p**2 + 3*p + 2. Let q be b(x). Suppose -c + q*c = 95. What is the units digit of c?
9
Let f be (2 - (-1 - -4))*-3. Suppose 59 = -f*n - s, 0 = -5*n + s + s - 113. Let r = 45 + n. What is the units digit of r?
4
Suppose -13*y + 16*y - 12 = 0. Suppose -4*a + 0*a + 4 = 0, -5*t = 4*a - y. Suppose -5*w + 22 + 3 = t. What is the units digit of w?
5
Let n(t) = 7*t**3 + 12*t**2 - 11*t - 15. Let q(o) = 10*o**3 + 18*o**2 - 17*o - 23. Let c(v) = -7*n(v) + 5*q(v). What is the tens digit of c(-6)?
3
Let r = 6 + -5. Let m be 14/6 - 2/6. Suppose -t + r = 0, 0 = 3*q - m*t - 18 - 16. What is the tens digit of q?
1
Suppose -4996 - 758 = -14*t. What is the tens digit of t?
1
Suppose -2*m + 444 = -2*t - 1318, -m = 5*t - 863. What is the tens digit of m?
7
Let w be (1 + (-3)/6)/((-5)/70). Let b(o) be the third derivative of o**5/60 + o**4/12 - 7*o**3/6 - o**2. What is the units digit of b(w)?
8
Suppose 0*s = 5*s + 50. Let x(c) = -c**3 - 11*c**2 - 11*c - 10. Let h be x(s). Suppose -168 = -h*b - 4*b. What is the tens digit of b?
4
Suppose w = 2*u - 3, -3*u - 3*w = 2*w + 28. What is the tens digit of (2/(-4))/(u*4/232)?
2
Let w = -111 + 111. Suppose 0*r + 3*r - 456 = w. What is the tens digit of r?
5
What is the tens digit of (-1 - 4)*(-154 - -9)?
2
Let b(f) = -f**3 + 17*f**2 + 25*f - 8. Let l be b(18). Let y = -238 + 165. Let d = l + y. What is the tens digit of d?
4
Let b = -68 - -171. Suppose -a - 5 + b = 0. What is the units digit of a?
8
Suppose -10 = 3*p - p. Let x(l) = -l**3 + 5 - 8*l + 4*l**2 - 13 - 10*l**2. What is the units digit of x(p)?
7
Suppose 58469 + 63086 = 35*u. What is the tens digit of u?
7
Suppose 4*z - 7 = 29. Let a(l) = 2*l + 16. What is the units digit of a(z)?
4
Suppose -12 = 4*c, -3*w + 4*c = 193 - 1744. What is the units digit of w/(-6)*40/(-15)?
8
Let q(t) be the third derivative of 0*t - 5*t**2 + 0 + 1/24*t**4 + 5/3*t**3. What is the units digit of q(-9)?
1
Suppose -26*b = -9146 + 3374. What is the tens digit of b?
2
Let g(v) = 5*v**2 + 1. Let m be g(-1). Suppose -m*w + 2145 = 9*w. What is the units digit of w?
3
Let t(c) = -2*c**3 - 40*c**2 - 194*c + 64. What is the hundreds digit of t(-22)?
2
Let x = 683 - 221. Let g = -290 + x. Suppose 3*y - g = -y. What is the tens digit of y?
4
Let n(p) = -418*p**2 + 1 + 0*p**3 + 421*p**2 - p**3 + 3. What is the tens digit of n(-3)?
5
Suppose 37 + 26 = 3*w. Suppose 0 = -9*b + 11*b, 3*b - 20 = 2*l. Let v = w + l. What is the tens digit of v?
1
Let f = 6995 + -3794. What is the units digit of f?
1
What is the tens digit of 9894/46 + -5 + 678/138?
1
What is the hundreds digit of (-1072 + 1)/(17/(-17))?
0
Suppose -4*r - 77 = -113. What is the units digit of r?
9
Suppose 0 = 10*w - 4623 - 13947. What is the hundreds digit of w?
8
What is the thousands digit of (-2)/4 - 807/6*-9?
1
Let r(v) = v**3 - 9*v**2 + 3*v + 7. Let i(b) = b. Let c be i(9). Let k be r(c). Let d = k + -17. What is the tens digit of d?
1
Let a(x) = 398*x - 4. What is the hundreds digit of a(1)?
3
Let g(a) = 13 - 7 + 16 + 9 - 3*a. What is the units digit of g(-10)?
1
Let t = -418 + -32. Let i = -319 - t. What is the units digit of i?
1
Suppose 0 = 2*f - 4*t, 2*f - 3*t = -6*t. Suppose -4*w + 9*w = f. Suppose -15*x + 10*x + 45 = w. What is the units digit of x?
9
Let c(f) = 6*f - 8. Let l(j) = 17*j - 23. Let w(q) = 7*c(q) - 2*l(q). Let m(d) = -d**3 + 9*d**2 - 7*d - 3. Let t be m(8). What is the units digit of w(t)?
0
Suppose 99 = p + 5*a, a = -5*p + p + 453. What is the hundreds digit of p?
1
Suppose 3*b - 400 = -5*b. What is the units digit of b?
0
Let k(d) be the third derivative of 0*d + 5*d**2 + 0*d**3 + 1/120*d**6 + 2/15*d**5 + 0 - 1/8*d**4. What is the